{"id":13,"date":"2016-01-06T22:48:37","date_gmt":"2016-01-06T21:48:37","guid":{"rendered":"http:\/\/mpickl.meiller-medien.de\/?page_id=13"},"modified":"2019-06-05T11:48:15","modified_gmt":"2019-06-05T09:48:15","slug":"katalog","status":"publish","type":"page","link":"https:\/\/michael-pickl.de\/index.php\/katalog\/","title":{"rendered":"Katalog"},"content":{"rendered":"<p><img loading=\"lazy\" class=\"alignnone size-full wp-image-14\" src=\"http:\/\/mpickl.meiller-medien.de\/wp-content\/uploads\/2016\/01\/Katalog-Michael-Pickl.jpg\" alt=\"Katalog-Michael-Pickl\" width=\"172\" height=\"171\" srcset=\"https:\/\/michael-pickl.de\/wp-content\/uploads\/2016\/01\/Katalog-Michael-Pickl.jpg 172w, https:\/\/michael-pickl.de\/wp-content\/uploads\/2016\/01\/Katalog-Michael-Pickl-150x150.jpg 150w\" sizes=\"(max-width: 172px) 85vw, 172px\" \/><\/p>\n<p>Eine \u00dcbersicht von Arbeiten des Bildhauers Michael Pickl mit zahlreichen Abbildungen und einem Text von Hajo Eickhoff.<br \/>\nErschienen anl\u00e4sslich der Ausstellung im Kulturschlo\u00df Theuern 2014.<\/p>\n<p>Ma\u00dfe: 21 x 21 x 0,6cm; 72 Seiten<\/p>\n<p>Diesen Katalog k\u00f6nnen Sie f\u00fcr 12\u20ac per E-mail bestellen: <a title=\"Bestellung Katalog\" href=\"mailto:&#x69;&#x6e;&#x66;&#x6f;&#x40;&#x6d;&#x69;&#x63;&#x68;&#x61;&#x65;&#x6c;&#x2d;&#x70;&#x69;&#x63;&#x6b;&#x6c;&#x2e;&#x64;&#x65;\">&#x69;&#x6e;&#x66;&#x6f;&#x40;<span class=\"oe_displaynone\">null<\/span>&#x6d;&#x69;&#x63;&#x68;&#x61;&#x65;&#x6c;&#x2d;&#x70;&#x69;&#x63;&#x6b;&#x6c;&#x2e;&#x64;&#x65;<\/a><\/p>","protected":false},"excerpt":{"rendered":"<p>Eine \u00dcbersicht von Arbeiten des Bildhauers Michael Pickl mit zahlreichen Abbildungen und einem Text von Hajo Eickhoff. Erschienen anl\u00e4sslich der Ausstellung im Kulturschlo\u00df Theuern 2014. Ma\u00dfe: 21 x 21 x 0,6cm; 72 Seiten Diesen Katalog k\u00f6nnen Sie f\u00fcr 12\u20ac per E-mail bestellen: &#x69;&#x6e;&#x66;&#x6f;&#x40;null&#x6d;&#x69;&#x63;&#x68;&#x61;&#x65;&#x6c;&#x2d;&#x70;&#x69;&#x63;&#x6b;&#x6c;&#x2e;&#x64;&#x65;<\/p>\n","protected":false},"author":1,"featured_media":0,"parent":0,"menu_order":0,"comment_status":"closed","ping_status":"closed","template":"","meta":[],"_links":{"self":[{"href":"https:\/\/michael-pickl.de\/index.php\/wp-json\/wp\/v2\/pages\/13"}],"collection":[{"href":"https:\/\/michael-pickl.de\/index.php\/wp-json\/wp\/v2\/pages"}],"about":[{"href":"https:\/\/michael-pickl.de\/index.php\/wp-json\/wp\/v2\/types\/page"}],"author":[{"embeddable":true,"href":"https:\/\/michael-pickl.de\/index.php\/wp-json\/wp\/v2\/users\/1"}],"replies":[{"embeddable":true,"href":"https:\/\/michael-pickl.de\/index.php\/wp-json\/wp\/v2\/comments?post=13"}],"version-history":[{"count":4,"href":"https:\/\/michael-pickl.de\/index.php\/wp-json\/wp\/v2\/pages\/13\/revisions"}],"predecessor-version":[{"id":1062,"href":"https:\/\/michael-pickl.de\/index.php\/wp-json\/wp\/v2\/pages\/13\/revisions\/1062"}],"wp:attachment":[{"href":"https:\/\/michael-pickl.de\/index.php\/wp-json\/wp\/v2\/media?parent=13"}],"curies":[{"name":"wp","href":"https:\/\/api.w.org\/{rel}","templated":true}]}}